{"id":21,"date":"2024-08-26T23:11:44","date_gmt":"2024-08-27T02:11:44","guid":{"rendered":"https:\/\/omnisolveit.com.br\/?page_id=21"},"modified":"2025-07-31T19:15:38","modified_gmt":"2025-07-31T22:15:38","slug":"quem-somos","status":"publish","type":"page","link":"https:\/\/omnisolveit.com.br\/index.php\/quem-somos\/","title":{"rendered":"QUEM SOMOS"},"content":{"rendered":"\n<p>A <strong>Omnisolve IT<\/strong> \u00e9 especialista em suporte e gest\u00e3o de TI para empresas que buscam efici\u00eancia, seguran\u00e7a e inova\u00e7\u00e3o. Com uma equipe altamente especializada, oferecemos solu\u00e7\u00f5es sob medida para manter sua infraestrutura tecnol\u00f3gica sempre dispon\u00edvel e otimizada.<\/p>\n\n\n\n<h2 class=\"wp-block-heading\">Miss\u00e3o<\/h2>\n\n\n\n<p>Proporcionar solu\u00e7\u00f5es de TI de alta qualidade que maximizem o desempenho e a seguran\u00e7a dos neg\u00f3cios de nossos clientes.<\/p>\n\n\n\n<h2 class=\"wp-block-heading\">Vis\u00e3o<\/h2>\n\n\n\n<p>Ser uma empresa de refer\u00eancia em suporte e gest\u00e3o de TI no mercado nacional, reconhecida por nossa agilidade, compet\u00eancia e atendimento personalizado<\/p>\n\n\n\n<h2 class=\"wp-block-heading\">Valores<\/h2>\n\n\n\n<p>Compromisso com a qualidade, transpar\u00eancia, inova\u00e7\u00e3o cont\u00ednua, atendimento personalizado, e responsabilidade social<\/p>\n\n\n\n<p><\/p>\n","protected":false},"excerpt":{"rendered":"<p>A Omnisolve IT \u00e9 especialista em suporte e gest\u00e3o de TI para empresas que buscam efici\u00eancia, seguran\u00e7a e inova\u00e7\u00e3o. Com uma equipe altamente especializada, oferecemos solu\u00e7\u00f5es sob medida para manter sua infraestrutura tecnol\u00f3gica sempre dispon\u00edvel e otimizada. Miss\u00e3o Proporcionar solu\u00e7\u00f5es de TI de alta qualidade que maximizem o desempenho e a seguran\u00e7a dos neg\u00f3cios de [&hellip;]<\/p>\n","protected":false},"author":1,"featured_media":0,"parent":0,"menu_order":2,"comment_status":"closed","ping_status":"closed","template":"","meta":{"footnotes":""},"class_list":["post-21","page","type-page","status-publish","hentry"],"_links":{"self":[{"href":"https:\/\/omnisolveit.com.br\/index.php\/wp-json\/wp\/v2\/pages\/21"}],"collection":[{"href":"https:\/\/omnisolveit.com.br\/index.php\/wp-json\/wp\/v2\/pages"}],"about":[{"href":"https:\/\/omnisolveit.com.br\/index.php\/wp-json\/wp\/v2\/types\/page"}],"author":[{"embeddable":true,"href":"https:\/\/omnisolveit.com.br\/index.php\/wp-json\/wp\/v2\/users\/1"}],"replies":[{"embeddable":true,"href":"https:\/\/omnisolveit.com.br\/index.php\/wp-json\/wp\/v2\/comments?post=21"}],"version-history":[{"count":3,"href":"https:\/\/omnisolveit.com.br\/index.php\/wp-json\/wp\/v2\/pages\/21\/revisions"}],"predecessor-version":[{"id":187,"href":"https:\/\/omnisolveit.com.br\/index.php\/wp-json\/wp\/v2\/pages\/21\/revisions\/187"}],"wp:attachment":[{"href":"https:\/\/omnisolveit.com.br\/index.php\/wp-json\/wp\/v2\/media?parent=21"}],"curies":[{"name":"wp","href":"https:\/\/api.w.org\/{rel}","templated":true}]}}