{"id":190,"date":"2025-07-31T19:10:14","date_gmt":"2025-07-31T22:10:14","guid":{"rendered":"https:\/\/omnisolveit.com.br\/?page_id=190"},"modified":"2025-07-31T19:16:40","modified_gmt":"2025-07-31T22:16:40","slug":"nossos-diferenciais","status":"publish","type":"page","link":"https:\/\/omnisolveit.com.br\/index.php\/nossos-diferenciais\/","title":{"rendered":"NOSSOS DIFERENCIAIS"},"content":{"rendered":"\n<h2 class=\"wp-block-heading\">Equipe T\u00e9cnica<\/h2>\n\n\n\n<p>Profissionais ferramentados e qualificados em diversas \u00e1reas da TI. Atendendo em todo o Brasil.<\/p>\n\n\n\n<h2 class=\"wp-block-heading\">Atendimento Personalizado<\/h2>\n\n\n\n<p>Solu\u00e7\u00f5es adaptadas \u00e0s especificidades de cada cliente. Cobertura 24h, 7 dias por semana.<\/p>\n\n\n\n<h2 class=\"wp-block-heading\">Resposta R\u00e1pida<\/h2>\n\n\n\n<p>Agilidade na resolu\u00e7\u00e3o de incidentes e no atendimento a chamados.<\/p>\n\n\n\n<h2 class=\"wp-block-heading\">Acompanhamento<\/h2>\n\n\n\n<p>Recebimento das demandas do usu\u00e1rio com atualiza\u00e7\u00e3o de status e progresso, mantendo comunica\u00e7\u00e3o ativa com os times respons\u00e1veis, acompanhando o chamado at\u00e9 a finaliza\u00e7\u00e3o.<\/p>\n","protected":false},"excerpt":{"rendered":"<p>Equipe T\u00e9cnica Profissionais ferramentados e qualificados em diversas \u00e1reas da TI. Atendendo em todo o Brasil. Atendimento Personalizado Solu\u00e7\u00f5es adaptadas \u00e0s especificidades de cada cliente. Cobertura 24h, 7 dias por semana. Resposta R\u00e1pida Agilidade na resolu\u00e7\u00e3o de incidentes e no atendimento a chamados. Acompanhamento Recebimento das demandas do usu\u00e1rio com atualiza\u00e7\u00e3o de status e progresso, [&hellip;]<\/p>\n","protected":false},"author":1,"featured_media":0,"parent":0,"menu_order":4,"comment_status":"closed","ping_status":"closed","template":"","meta":{"footnotes":""},"class_list":["post-190","page","type-page","status-publish","hentry"],"_links":{"self":[{"href":"https:\/\/omnisolveit.com.br\/index.php\/wp-json\/wp\/v2\/pages\/190"}],"collection":[{"href":"https:\/\/omnisolveit.com.br\/index.php\/wp-json\/wp\/v2\/pages"}],"about":[{"href":"https:\/\/omnisolveit.com.br\/index.php\/wp-json\/wp\/v2\/types\/page"}],"author":[{"embeddable":true,"href":"https:\/\/omnisolveit.com.br\/index.php\/wp-json\/wp\/v2\/users\/1"}],"replies":[{"embeddable":true,"href":"https:\/\/omnisolveit.com.br\/index.php\/wp-json\/wp\/v2\/comments?post=190"}],"version-history":[{"count":2,"href":"https:\/\/omnisolveit.com.br\/index.php\/wp-json\/wp\/v2\/pages\/190\/revisions"}],"predecessor-version":[{"id":193,"href":"https:\/\/omnisolveit.com.br\/index.php\/wp-json\/wp\/v2\/pages\/190\/revisions\/193"}],"wp:attachment":[{"href":"https:\/\/omnisolveit.com.br\/index.php\/wp-json\/wp\/v2\/media?parent=190"}],"curies":[{"name":"wp","href":"https:\/\/api.w.org\/{rel}","templated":true}]}}