{"id":150,"date":"2024-08-28T01:17:47","date_gmt":"2024-08-28T04:17:47","guid":{"rendered":"https:\/\/omnisolveit.com.br\/?page_id=150"},"modified":"2025-07-31T19:22:07","modified_gmt":"2025-07-31T22:22:07","slug":"trabalhe-conosco","status":"publish","type":"page","link":"https:\/\/omnisolveit.com.br\/index.php\/trabalhe-conosco\/","title":{"rendered":"PARCERIA ESTRAT\u00c9GICA EM TI"},"content":{"rendered":"\n<h2 class=\"wp-block-heading\">Por que escolher Omnisolve IT?<\/h2>\n\n\n\n<p>\ud83d\udd39 Atendimento de Alto N\u00edvel \u2013 Equipe projetada e pronta para atender com agilidade e efici\u00eancia.<\/p>\n\n\n\n<p>\ud83d\udd39 Expans\u00e3o sem Custos Fixos \u2013 Voc\u00ea amplia sua capacidade operacional sem aumentar a estrutura interna.<\/p>\n\n\n\n<p>\ud83d\udd39 Parceria Transparente \u2013 Atuamos como um verdadeiro bra\u00e7o de TI do seu neg\u00f3cio, com alinhamento estrat\u00e9gico e foco em resultados.<\/p>\n\n\n\n<p>\ud83d\udd39 Tecnologia e Seguran\u00e7a \u2013 Aplicamos as melhores pr\u00e1ticas do mercado para garantir entregas resultantes e seguras.<\/p>\n\n\n\n<p>Seja para atualizar seus equipamentos, manter suas opera\u00e7\u00f5es sem falhas ou implementar novas solu\u00e7\u00f5es tecnol\u00f3gicas, estamos prontos para entregar um servi\u00e7o confi\u00e1vel, r\u00e1pido e personalizado, de acordo com as necessidades espec\u00edficas do seu neg\u00f3cio.<\/p>\n\n\n\n<p><\/p>\n","protected":false},"excerpt":{"rendered":"<p>Por que escolher Omnisolve IT? \ud83d\udd39 Atendimento de Alto N\u00edvel \u2013 Equipe projetada e pronta para atender com agilidade e efici\u00eancia. \ud83d\udd39 Expans\u00e3o sem Custos Fixos \u2013 Voc\u00ea amplia sua capacidade operacional sem aumentar a estrutura interna. \ud83d\udd39 Parceria Transparente \u2013 Atuamos como um verdadeiro bra\u00e7o de TI do seu neg\u00f3cio, com alinhamento estrat\u00e9gico e [&hellip;]<\/p>\n","protected":false},"author":1,"featured_media":0,"parent":0,"menu_order":6,"comment_status":"closed","ping_status":"closed","template":"","meta":{"footnotes":""},"class_list":["post-150","page","type-page","status-publish","hentry"],"_links":{"self":[{"href":"https:\/\/omnisolveit.com.br\/index.php\/wp-json\/wp\/v2\/pages\/150"}],"collection":[{"href":"https:\/\/omnisolveit.com.br\/index.php\/wp-json\/wp\/v2\/pages"}],"about":[{"href":"https:\/\/omnisolveit.com.br\/index.php\/wp-json\/wp\/v2\/types\/page"}],"author":[{"embeddable":true,"href":"https:\/\/omnisolveit.com.br\/index.php\/wp-json\/wp\/v2\/users\/1"}],"replies":[{"embeddable":true,"href":"https:\/\/omnisolveit.com.br\/index.php\/wp-json\/wp\/v2\/comments?post=150"}],"version-history":[{"count":2,"href":"https:\/\/omnisolveit.com.br\/index.php\/wp-json\/wp\/v2\/pages\/150\/revisions"}],"predecessor-version":[{"id":195,"href":"https:\/\/omnisolveit.com.br\/index.php\/wp-json\/wp\/v2\/pages\/150\/revisions\/195"}],"wp:attachment":[{"href":"https:\/\/omnisolveit.com.br\/index.php\/wp-json\/wp\/v2\/media?parent=150"}],"curies":[{"name":"wp","href":"https:\/\/api.w.org\/{rel}","templated":true}]}}